01110200 + 1?
111201110201
In base 4, what is -10021101322 + -11?
-10021101333
In base 12, what is 582 - 2402?
-1a40
In base 10, what is 60524 + 3?
60527
In base 16, what is f8 - 183a?
-1742
In base 9, what is 1 - 234427?
-234426
In base 2, what is 1110 + 11000100100000000?
11000100100001110
In base 16, what is -5 + da99?
da94
In base 3, what is 10120 - -212020?
222210
In base 7, what is -10313 - -444?
-6536
In base 15, what is -2 + -15c4?
-15c6
In base 7, what is 34 - 50301?
-50234
In base 14, what is -26c - -37?
-235
In base 2, what is 101000100101 + -1110?
101000010111
In base 4, what is 12 + -2023032?
-2023020
In base 16, what is -dad8b - 4?
-dad8f
In base 10, what is -43508 + -37?
-43545
In base 15, what is -4 - -2108?
2104
In base 14, what is 2a0c7 - 8?
2a0bd
In base 12, what is 1a - 434?
-416
In base 5, what is 40114 - 230?
34334
In base 2, what is -11000010101 - -100010100110?
1010010001
In base 15, what is -8d + -30?
-bd
In base 9, what is 1470 - 13?
1456
In base 6, what is 145142 + -4?
145134
In base 13, what is -13 + -79c?
-7b2
In base 11, what is -347a9 - 0?
-347a9
In base 2, what is -1000 + 1101110101?
1101101101
In base 4, what is 213 - -200221?
201100
In base 15, what is 1 + -3de2?
-3de1
In base 9, what is -812 - 6?
-818
In base 13, what is 5 - -57882?
57887
In base 3, what is -101 - -1010110200?
1010110022
In base 7, what is 611665 + -22?
611643
In base 15, what is -25 - 334?
-359
In base 16, what is 1505 - 24?
14e1
In base 15, what is 4 + 2cb28?
2cb2c
In base 9, what is -36 - 154?
-201
In base 13, what is 1854 + -24?
1830
In base 2, what is 100110110011111 - 10001?
100110110001110
In base 10, what is -9398 + -3?
-9401
In base 6, what is -52315 + 224?
-52051
In base 3, what is 2100012122 + -1?
2100012121
In base 11, what is 2 + 307170?
307172
In base 12, what is 932b - 136?
91b5
In base 15, what is -5542 - -3?
-553e
In base 12, what is -51a12 - 34?
-51a46
In base 9, what is -76 + 101?
14
In base 4, what is 1331 + 11302?
13233
In base 10, what is 13 + -421472?
-421459
In base 3, what is -20122022220 + 1?
-20122022212
In base 10, what is -118158 - -85?
-118073
In base 12, what is -4589 + -224?
-47b1
In base 10, what is 2 + -34700?
-34698
In base 13, what is -47831 - -2?
-4782c
In base 12, what is -1 + -42a4b?
-42a50
In base 9, what is 4 + 174424?
174428
In base 4, what is -301212 - 33?
-301311
In base 10, what is 226 - -2251?
2477
In base 13, what is 3 + -b111?
-b10b
In base 8, what is 55 + 670?
745
In base 14, what is 13d46 - 5?
13d41
In base 9, what is 20 + 67068?
67088
In base 14, what is 1b46241 - 4?
1b4623b
In base 2, what is -110111010111010000 - -101?
-110111010111001011
In base 6, what is -24 - -10133?
10105
In base 12, what is 88 - 15838?
-15770
In base 2, what is -10000010110 + 110111?
-1111011111
In base 13, what is 4518 + 7?
4522
In base 15, what is 5ac - -6a?
627
In base 14, what is -13c + -7?
-145
In base 2, what is -100100101111 - 1010?
-100100111001
In base 5, what is -3 - -3211334?
3211331
In base 9, what is 57351 - 12?
57338
In base 5, what is 410132 - 123?
410004
In base 3, what is 12221 - -20211?
110202
In base 2, what is -100000110011111001 - -11?
-100000110011110110
In base 4, what is 10202 + 21121?
31323
In base 14, what is 1c6 - -16?
1dc
In base 10, what is -966 + 3?
-963
In base 4, what is 110132 - -332?
111130
In base 10, what is 118 + 641?
759
In base 16, what is a + -606a?
-6060
In base 7, what is -453202 + 4?
-453165
In base 5, what is 2 + -2133341?
-2133334
In base 14, what is c6bd1 + -2?
c6bcd
In base 11, what is -18 + 274a?
2732
In base 7, what is 3403 + -12323?
-5620
In base 14, what is 3d46 + a?
3d52
In base 8, what is -2 + 46326?
46324
In base 14, what is -46323 + -1?
-46324
In base 4, what is 13 - 230223?
-230210
In base 4, what is 10 - 3101201?
-3101131
In base 15, what is 35cd6 - 2?
35cd4
In base 6, what is 455 + 213?
1112
In base 9, what is -102264 + 2?
-102262
In base 4, what is 2023 + 2211?
10300
In base 16, what is a + -574?
-56a
In base 14, what is -d + -1017?
-1026
In base 2, what is -1110 + -10110001111?
-10110011101
In base 6, what is -213521021 - 1?
-213521022
In base 11, what is -1355 + 215?
-1140
In base 6, what is -300 - 114?
-414
In base 7, what is 225505 + -3?
225502
In base 15, what is -92 - -680?
5dd
In base 10, what is -1141 + -24?
-1165
In base 3, what is -1011 - -22122022?
22121011
In base 15, what is 1817 - 17?
1800
In base 12, what is 25b - 11?
24a
In base 12, what is -30001 - -4?
-2bbb9
In base 4, what is -2 - -203103?
203101
In base 16, what is ac - -27?
d3
In base 15, what is -2cc27 + -4?
-2cc2b
In base 14, what is 14 - -1cc?
202
In base 8, what is -115 - -15136?
15021
In base 15, what is -1d5e6 - 1?
-1d5e7
In base 8, what is -2 - 44401?
-44403
In base 4, what is 20113 - 203232?
-123113
In base 9, what is 1031803 - -2?
1031805
In base 11, what is 2a93a - 53?
2a897
In base 11, what is 5 + 39289a?
3928a4
In base 16, what is e5cd8 - 1?
e5cd7
In base 6, what is -45 - 112333?
-112422
In base 16, what is 620f - -d?
621c
In base 6, what is -4405 - -541?
-3424
In base 4, what is 11302103 + -1?
11302102
In base 11, what is -1 - -190294?
190293
In base 4, what is -333320033 + -10?
-333320103
In base 6, what is -3 - -425415?
425412
In base 6, what is 411 + -1221?
-410
In base 16, what is 3e9 + 9d?
486
In base 3, what is 2 + 120101?
120110
In base 14, what is 82 - -4d7?
579
In base 14, what is -4 + -c83?
-c87
In base 4, what is 2111 - 121?
1330
In base 9, what is 1478032 - 5?
1478026
In base 9, what is -1737 + 17?
-1720
In base 15, what is -1 - c68d8?
-c68d9
In base 13, what is -1042b - -2?
-10429
In base 12, what is 3877 + -37?
3840
In base 6, what is 1112213 + 4?
1112221
In base 13, what is -11321b9 - -1?
-11321b8
In base 5, what is 102411 - 221?
102140
In base 15, what is -14227 + 0?
-14227
In base 3, what is 10 - -210120000?
210120010
In base 13, what is -3c3 - -416?
23
In base 8, what is -5653114 - -4?
-5653110
In base 11, what is 13693 - 18?
13676
In base 5, what is -4432 + 10432?
1000
In base 12, what is a3 + 166?
249
In base 11, what is 11064 + 15?
11079
In base 6, what is 112 - -54225?
54341
In base 6, what is -24 - -5023402?
5023334
In base 3, what is -102222 - 12021?
-122020
In base 4, what is 1213012 - 101?
1212311
In base 13, what is -34b00 + -27?
-34b27
In base 13, what is -190 + 58?
-135
In base 3, what is 22210211 + -11?
22210200
In base 4, what is -22 - 1212030?
-1212112
In base 16, what is -941 - 58?
-999
In base 10, what is 16 - -5716?
5732
In base 5, what is -414241003 - -2?
-414241001
In base 8, what is -14114 + -313?
-14427
In base 15, what is -3635 - 24?
-3659
In base 10, what is 2749 + -13?
2736
In base 15, what is 5 + 625e?
6264
In base 13, what is -3 - -910b?
9108
In base 14, what is -52 + c51?
bdd
In base 10, what is 5 - -8611?
8616
In base 13, what is -1 + 47a?
479
In base 6, what is -30 - -433220?
433150
In base 7, what is 0 + 261343?
261343
In base 5, what is -1124 - -232?
-342
In base 3, what is 1110212 - -1002?
1111221
In base 16, what is 4cc + -3?
4c9
In base 2, what is 11110111001 - -111?
11111000000
In base 12, what is 16 + 6029?
6043
In base 11, what is -56 - 11?
-67
In base 4, what is -1230 + -2230?
-10120
In base 14, what is 61c - 18?
604
In base 8, what is 4 - 17645?
-17641
In base 7, what is 3266 - 10?
3256
In base 10, what is 2 - -365624?
365626
In base 3, what is 1002002 - -2?
1002011
In base 5, what is -314 - -3021423?
3021104
In base 4, what is -10 + 3002303?
3002233
In base 2, what is -100101 + -11101100011?
-11110001000
In base 9, what is 530 + -1140?
-510
In base 11, what is 4 + -31285?
-31281
In base 8, what is -2414 + 51?
-2343
In base 2, what is -11001 - 1001000101001?
-1001001000010
In base 15, what is -157d - 10?
-158d
In base 11, what is -4 + -1a23a?
-1a243
In base 2, what is 101010110110001 - -11111?
101010111010000
In base 10, what is 5 - 1841?
-1836
In base 7, what is -555 - 52035?
-52623
In base 10, what is 1187 - -165?
1352
In base 10, what is 509 - -793?
1302
In base 13, what is 6 - -141?
147
In base 12, what is -b + -3224?
-3233
In base 16, what is 1ce3 + -5?
1cde
In base 11, what is 44 + -1117?
-1083
In base 10, what is -4 + 15896?
15892
In base 12, what is 2b143 - 2?
2b141
In base 4, what is -21 + -12011333?
-12012